10 = 0, 3*j + 3*r = j + 340. What are the prime factors of j?
167
Let l = -34 - -34. Suppose i - 283 = -3*w, w + i - 95 = -l*i. What are the prime factors of w?
2, 47
Let k(w) = 13*w**3 + 2*w**2 + 6*w + 4. List the prime factors of k(3).
17, 23
Let v be (48/(-9) - 2/(-6)) + 1. What are the prime factors of 4802/35 + v/(-5) + -1?
137
Suppose 0 = 36*l - 58174 - 25994. What are the prime factors of l?
2, 7, 167
Suppose 3*c - 8 = -2. Suppose 39 = -2*a + 3*a - 2*d, -4*a = c*d - 146. List the prime factors of a.
37
Let m(h) = -h**3 + 14*h**2 + 16*h - 15. Let w be m(15). Suppose -3*a = -w*a - 195. What are the prime factors of a?
5, 13
Let o = -864 - -2030. What are the prime factors of o?
2, 11, 53
Let s(r) = 7*r + 36. Let y(h) = -1. Let q(x) = -s(x) - 2*y(x). List the prime factors of q(-8).
2, 11
Let i = 78 - -356. List the prime factors of i.
2, 7, 31
Let m = -9 - -3. Let q = m - -10. Suppose 0 = -z - 2*h + 29, q*z + 0*h - 116 = -h. What are the prime factors of z?
29
Suppose -63 - 487 = -5*y. Let t = -42 + y. List the prime factors of t.
2, 17
Let f be 33/21 + (-12)/(-28). Suppose 21 = h - l, f*h - 3*l - 97 = -3*h. Suppose q + 65 = 2*k, 0 = -k - 3*q + h - 2. List the prime factors of k.
2, 3, 5
Suppose 5*a - 124 = 26. Let g = a + 98. What are the prime factors of g?
2
Suppose 0*o = -5*o - 30. Let p(i) = 3*i. Let t be p(o). Let g = 39 + t. What are the prime factors of g?
3, 7
Suppose -10*x + 2526 = -6*x - 2*r, -2541 = -4*x + 5*r. What are the prime factors of x?
17, 37
Let t be (-4)/(-1) + (8 - 10). Let b = t - 2. Suppose -160 = -4*u - b*u. List the prime factors of u.
2, 5
Suppose -l = 3*y - 0*y - 2194, 5*y - 8797 = -4*l. What are the prime factors of l?
2203
Suppose 6*c + 4*c = -2900. What are the prime factors of ((-102)/85)/(2/c)?
2, 3, 29
Let l = -2 - -3. Suppose -5*p + 6 + 9 = 5*k, -l = -k. Suppose -p*i + 7*i = 130. List the prime factors of i.
2, 13
List the prime factors of 12/90 - 14923/(-15).
5, 199
Let w(y) = -5*y**3 + y - 1. Let h be w(1). Let r = 2 - h. List the prime factors of r.
7
Suppose -1164 = -13*l + 1358. What are the prime factors of l?
2, 97
Suppose -3*h = -5*b - 684, -7*b = -5*h - 5*b + 1140. What are the prime factors of h?
2, 3, 19
Let o(m) = m - 71. Let b(u) = 18. Let t(f) = 9*b(f) + 2*o(f). Let c be t(-9). List the prime factors of (-37)/c*(-6)/3.
37
Let a(i) = 44*i - 3. Let n be a(14). What are the prime factors of 46/69 + (n/3)/1?
5, 41
Let t(q) = 45*q**2 - 4*q + q**3 + 3 - 42*q**2 + 3. Let j be t(-4). Suppose 0 = -2*d - j, -d = 3*a + 4*d - 51. What are the prime factors of a?
2, 11
Suppose -10 + 0 = -5*g. Suppose 3*m + 245 = -g*m. Let k = m + 86. List the prime factors of k.
37
Suppose -16*m + 3171 + 3693 = 0. List the prime factors of m.
3, 11, 13
Let o(v) = 7*v**2 - 13*v + 3. Let a(w) = -w**2 - 3*w + 6. Let s be a(2). List the prime factors of o(s).
167
Let k(m) = -2*m + 2. Let r(u) = -u - 11. Let g be r(-6). Let x be k(g). Let c = 10 + x. List the prime factors of c.
2, 11
Let k(l) = -l**2 + 3*l + 11. Let t be k(4). Suppose -9*h = -t*h - 64. List the prime factors of h.
2
Suppose 2*p = -0*p + 4*s + 22, -p - 4*s = 13. Suppose -4*i = -z - z - 94, 2*i - 149 = p*z. Let l = 73 + z. List the prime factors of l.
2, 11
What are the prime factors of 30/(-2*(-6)/(-15))*-2?
3, 5
Let x(l) = l**2 + 2*l - 4. Suppose 11 + 9 = 5*p. What are the prime factors of x(p)?
2, 5
Suppose -7 + 25 = -4*o - 5*s, 0 = 2*o + 3*s + 10. List the prime factors of (0 - (2 - o))*-20.
2, 5
Suppose -m + 1515 = 5*h, 6558 + 961 = 5*m - 3*h. List the prime factors of m.
5, 7, 43
Let g = 8 - 4. Suppose 0 = -5*u + g*u + 12. Suppose 0 = -3*q - u + 78. List the prime factors of q.
2, 11
Let h(k) = 2*k**3 - 8*k**2 + 5*k - 10. Let f be h(4). Suppose u - 35 + f = 0. List the prime factors of u.
5
Suppose -7*d + 0*d - 854 = 0. Let f = d + 294. What are the prime factors of f?
2, 43
Suppose -26 = -l + 3*l. Let c = l - -51. Suppose -4*u = -210 - c. List the prime factors of u.
2, 31
Suppose -8*x - 49 = -4*m - 3*x, -2*m + 2 = 2*x. What are the prime factors of -2*1*((-255)/m + 5)?
3, 5
List the prime factors of (80802/13)/3 + 8/52.
2, 7, 37
Let l be (-5)/30 - (-362)/12. Suppose 0 = 2*q - 7*q + l. Let s(p) = -p**3 + 8*p**2 - 8*p + 6. List the prime factors of s(q).
2, 3, 5
Let t be (12/10)/((-30)/(-4400)). Let c = t + -91. List the prime factors of c.
5, 17
What are the prime factors of 2608 + 1/(-3) + 176/(-48)?
2, 3, 7, 31
Suppose 4*p - 5 = -p. Let b be 2/(-6)*p*-6. Suppose -j = b*s - 3*s + 22, 4 = 2*j. List the prime factors of s.
2, 3
Let v(p) = 55*p**2 + 4*p - 3. Let b be v(5). List the prime factors of 2*b/36*(-6)/(-4).
2, 29
Let n(u) = -8*u**3 - 21*u**2 - 43*u - 12. List the prime factors of n(-10).
2, 3, 13
Let j = -284 + 403. List the prime factors of (j/14)/((1/16)/1).
2, 17
Let j be 4 - (210/(-5) + -3). What are the prime factors of (j/3)/(4/12)?
7
Let w(j) = 0*j + j**2 + 2*j - 16*j + 2*j**2 + 4. Let d(y) = -3*y**2 + 15*y - 5. Let g(n) = 5*d(n) + 6*w(n). What are the prime factors of g(4)?
11
Suppose 2*c = -6, 462 = l - 0*l - c. What are the prime factors of l?
3, 17
Suppose 74*n - 35 = 73*n. What are the prime factors of n?
5, 7
Suppose -7*u - 45 = 2*u. Suppose k - 6 = -k. Let b = k - u. What are the prime factors of b?
2
Let q = 401 + -233. Suppose -5*t - 4*s + 66 = -780, 2*s = -t + q. What are the prime factors of t?
2, 5, 17
Let q(o) be the second derivative of -o - 11/2*o**2 - 2/3*o**4 + 0 - 1/3*o**3 + 1/20*o**5. List the prime factors of q(9).
2, 13
Let n(g) = -204*g + 18. Let v be n(-5). Suppose -v = -9*y + 3*y. What are the prime factors of y?
173
Let h = 345 - 245. Let s = h - 63. List the prime factors of s.
37
Let x = 111 - 102. Let q(s) = s**3 - 5*s**2 - 10*s + 3. List the prime factors of q(x).
3, 79
Suppose 9*k - 237 = 447. List the prime factors of k.
2, 19
Let g be (3 - 4) + 1 + 2. Suppose -g*b + 45 = -5*h, 17 = 5*h + 2. Suppose -y + b = -1. What are the prime factors of y?
31
Let m(o) = o**3 - 10*o**2 + 21*o - 29. Let n = 54 + -45. What are the prime factors of m(n)?
79
Suppose 7 = -5*c - i, -2*i - 13 = -c - 7*i. What are the prime factors of (-116)/c - (10 - 8)?
2, 7
Suppose 4*o - 1623 = 2057. List the prime factors of o.
2, 5, 23
Let g be 3/24 + (-47)/(-8). Let w(r) = r**3 - 5*r**2 + 4*r + 5. Let s be w(g). Let z = s - 33. What are the prime factors of z?
2
Let s(d) = 3*d**2 + 23*d + 6. Suppose -3*x + 6 = 0, 0 = 4*y + y + 3*x + 39. What are the prime factors of s(y)?
2, 3, 7
What are the prime factors of (-21)/35 - (-5728)/5?
5, 229
Let v(g) = 11*g**2 - 19*g + 3. List the prime factors of v(6).
3, 5, 19
Let r(a) = 6*a - 3. Let v(j) be the second derivative of -j**4/12 - j**3 - 3*j**2 - 2*j. Let m be v(-4). What are the prime factors of r(m)?
3
Suppose -21 = -5*h + 3*f, 2*f + 0 = -4. Suppose -h*p + 10*p - 154 = 0. List the prime factors of p.
2, 11
Suppose -5*h = -h - 8. Suppose 4*b + 6 = -0*s + s, -2*b - 6 = -h*s. Suppose -6*c + s*c = -8. List the prime factors of c.
2
Let k = 59 - -1. Let r = 71 - k. What are the prime factors of r?
11
Suppose -448 = 3*d - 7*d. Let z be 27/(-12)*d/(-6). Suppose 0 = -2*h + 3*h - z. What are the prime factors of h?
2, 3, 7
Let v be (-5)/1 - (-1)/((-2)/8). What are the prime factors of (948/(-9))/(v/(108/8))?
2, 79
List the prime factors of -2 - (-12)/(((-50)/215)/(-5)).
2
Let h(o) = 25*o + 15*o - 2 - 15*o. Let f be h(4). Suppose -3*b = -f - 13. What are the prime factors of b?
37
Let b(w) = w**2 - 12*w - 30. Let l be b(14). List the prime factors of (l/(-3))/(1/96).
2
Suppose i - 3 = -t, -2*t - 2*t + 5*i = -39. Suppose -10*z + t*z = -304. What are the prime factors of z?
2, 19
Let x be (170/(-15))/(2/(-3)). Suppose 2*s - 13 = -5*q, -5*s + x = 3*q - 6. Suppose q = -d + 9. List the prime factors of d.
2
What are the prime factors of (-10)/6 - -1*(-4696)/(-6)?
11, 71
Let z(u) = -7*u - 2. Let b(w) = 6*w + 2. Let j(l) = 6*b(l) + 7*z(l). What are the prime factors of j(-7)?
89
Let i be (-378)/(-72)*4/3. What are the prime factors of ((-257)/(-2))/((28/8)/i)?
257
Let j = -494 - -266. Suppose -4*g - 154 = o, 5*g = 4*o + 2*g + 616. Let q = o - j. What are the prime factors of q?
2, 37
Suppose -u + 5*j + 150 = 0, -u + 3*j + 474 = 2*u. Suppose 5*m - 7*m = -u. What are the prime factors of m?
2, 5
Suppose 2*